 the ten millions digit of 37051583?
3
What is the hundred millions digit of 112870153?
1
What is the ten millions digit of 100091524?
0
What is the hundred millions digit of 891713174?
8
What is the tens digit of 129947008?
0
What is the ten thousands digit of 317203830?
0
What is the tens digit of 28197684?
8
What is the millions digit of 40800923?
0
What is the tens digit of 25804060?
6
What is the hundred millions digit of 115200165?
1
What is the hundreds digit of 41986606?
6
What is the hundred thousands digit of 481589794?
5
What is the units digit of 2774173155?
5
What is the ten millions digit of 589387276?
8
What is the tens digit of 441575335?
3
What is the hundreds digit of 101417608?
6
What is the hundred millions digit of 1399130685?
3
What is the hundred millions digit of 214429228?
2
What is the units digit of 635475354?
4
What is the hundred thousands digit of 34477609?
4
What is the units digit of 1733703?
3
What is the hundreds digit of 331881767?
7
What is the hundreds digit of 19005206?
2
What is the millions digit of 2468054810?
8
What is the thousands digit of 29378700?
8
What is the units digit of 306058935?
5
What is the hundreds digit of 69641880?
8
What is the ten thousands digit of 303176931?
7
What is the millions digit of 1958182286?
8
What is the ten millions digit of 179132858?
7
What is the tens digit of 303902135?
3
What is the hundred thousands digit of 71413514?
4
What is the ten thousands digit of 31170091?
7
What is the tens digit of 59173449?
4
What is the thousands digit of 226436256?
6
What is the thousands digit of 787233210?
3
What is the hundred thousands digit of 483139504?
1
What is the units digit of 20378315?
5
What is the millions digit of 936171927?
6
What is the tens digit of 3723561?
6
What is the hundreds digit of 1744883340?
3
What is the ten millions digit of 154493908?
5
What is the ten thousands digit of 110443036?
4
What is the hundred millions digit of 4857558663?
8
What is the hundred thousands digit of 9731077?
7
What is the thousands digit of 256089951?
9
What is the millions digit of 8195158383?
5
What is the ten millions digit of 272604253?
7
What is the hundreds digit of 585834992?
9
What is the ten thousands digit of 3437745?
3
What is the millions digit of 778322511?
8
What is the ten thousands digit of 67592236?
9
What is the ten thousands digit of 557523808?
2
What is the millions digit of 365029994?
5
What is the ten thousands digit of 230297142?
9
What is the tens digit of 1318199421?
2
What is the ten thousands digit of 607741691?
4
What is the thousands digit of 16536421?
6
What is the tens digit of 3447105837?
3
What is the hundreds digit of 2576584195?
1
What is the hundred thousands digit of 917022080?
0
What is the tens digit of 95467436?
3
What is the units digit of 1063526064?
4
What is the hundred thousands digit of 6364001170?
0
What is the hundreds digit of 1430466047?
0
What is the ten millions digit of 664296354?
6
What is the units digit of 712873201?
1
What is the tens digit of 98552151?
5
What is the hundred millions digit of 3653663943?
6
What is the thousands digit of 366815011?
5
What is the units digit of 712317395?
5
What is the hundred thousands digit of 418336469?
3
What is the hundreds digit of 45444175?
1
What is the units digit of 4371061309?
9
What is the ten thousands digit of 396149473?
4
What is the ten thousands digit of 78014832?
1
What is the hundreds digit of 100295398?
3
What is the hundred millions digit of 1469202412?
4
What is the units digit of 37431746?
6
What is the hundreds digit of 80855052?
0
What is the millions digit of 51910652?
1
What is the millions digit of 2973589694?
3
What is the ten thousands digit of 56485678?
8
What is the ten thousands digit of 31353488?
5
What is the units digit of 176565331?
1
What is the hundred thousands digit of 1188766802?
7
What is the units digit of 34878559?
9
What is the units digit of 1191025924?
4
What is the units digit of 404983676?
6
What is the hundred millions digit of 1601038854?
6
What is the ten millions digit of 145791261?
4
What is the hundred thousands digit of 24337880?
3
What is the ten thousands digit of 2451535701?
3
What is the hundreds digit of 42553424?
4
What is the ten thousands digit of 4896361?
9
What is the hundred thousands digit of 1181397076?
3
What is the tens digit of 790634758?
5
What is the ten millions digit of 84736150?
8
What is the ten millions digit of 534832886?
3
What is the hundreds digit of 30891239?
2
What is the hundred thousands digit of 599900573?
9
What is the hundred thousands digit of 236740351?
7
What is the units digit of 24196561?
1
What is the hundred thousands digit of 46927761?
9
What is the millions digit of 2508505398?
8
What is the ten millions digit of 77136701?
7
What is the units digit of 381572691?
1
What is the millions digit of 269563669?
9
What is the thousands digit of 54144986?
4
What is the hundred thousands digit of 3557547373?
5
What is the tens digit of 204693350?
5
What is the hundred thousands digit of 99018380?
0
What is the hundred millions digit of 219352163?
2
What is the units digit of 60802685?
5
What is the hundred thousands digit of 651461?
6
What is the billions digit of 2059636793?
2
What is the tens digit of 5704705866?
6
What is the ten thousands digit of 2869229196?
2
What is the millions digit of 3810660?
3
What is the hundred millions digit of 450584570?
4
What is the millions digit of 493540669?
3
What is the billions digit of 1342256545?
1
What is the units digit of 24114842?
2
What is the hundreds digit of 697850274?
2
What is the ten thousands digit of 50226094?
2
What is the ten millions digit of 3591931387?
9
What is the tens digit of 3028941408?
0
What is the ten millions digit of 4289628942?
8
What is the hundred millions digit of 128008568?
1
What is the hundred millions digit of 287697779?
2
What is the ten millions digit of 57438988?
5
What is the units digit of 4291014?
4
What is the hundreds digit of 54096811?
8
What is the units digit of 63812402?
2
What is the ten millions digit of 2052491195?
5
What is the tens digit of 2328284377?
7
What is the units digit of 62642661?
1
What is the hundred millions digit of 102318246?
1
What is the hundred thousands digit of 425824766?
8
What is the units digit of 6237268?
8
What is the tens digit of 60244054?
5
What is the ten thousands digit of 610511076?
1
What is the ten millions digit of 3326051350?
2
What is the ten millions digit of 181206162?
8
What is the ten millions digit of 52801555?
5
What is the hundred millions digit of 2574037462?
5
What is the ten millions digit of 286124304?
8
What is the ten thousands digit of 369964357?
6
What is the tens digit of 87753944?
4
What is the ten millions digit of 388166880?
8
What is the units digit of 11266110?
0
What is the ten millions digit of 324784573?
2
What is the ten thousands digit of 52492793?
9
What is the millions digit of 634395822?
4
What is the units digit of 1524044049?
9
What is the ten millions digit of 2693664939?
9
What is the hundred thousands digit of 140564528?
5
What is the hundred thousands digit of 418312521?
3
What is the millions digit of 62491446?
2
What is the billions digit of 8298942569?
8
What is the ten millions digit of 441670766?
4
What is the hundreds digit of 108393947?
9
What is the units digit of 131563365?
5
What is the hundred thousands digit of 44514344?
5
What is the millions digit of 101323404?
1
What is the hundreds digit of 465584508?
5
What is the tens digit of 38614739?
3
What is the thousands digit of 296057389?
7
What is the thousands digit of 6324587001?
7
What is the millions digit of 27746935?
7
What is the units digit of 65076780?
0
What is the ten thousands digit of 57039457?
3
What is the ten millions digit of 153547913?
5
What is the ten thousands digit of 89561610?
6
What is the units digit of 582482798?
8
What is the ten millions digit of 603422918?
0
What is the ten thousands digit of 2778941037?
4
What is the units digit of 25651675?
5
What is the millions digit of 113920859?
3
What is the thousands digit of 61935183?
5
What is the millions digit of 13706144?
3
What is the hundred thousands digit of 21045124?
0
What is the units digit of 6